a = 44 + 20. Suppose -4 = -2*v, -4*h - 3*v + a + 6 = 0. Suppose -3*s + 165 = -3*b, 4*s - 36 = -h*b + 192. What is the units digit of s?
6
Suppose 162 = 6*u - 4*u. What is the tens digit of u?
8
Let c = -66 + 102. Suppose c = 5*r - r. What is the units digit of r?
9
Let l = 2098 + -1269. What is the tens digit of l?
2
Let c(h) = h**3 + 16*h**2 + 17*h + 2. Let g be c(-14). Suppose -5*x + 184 + g = 0. What is the tens digit of x?
6
Let d = -151 + 82. Let f = d + 203. What is the hundreds digit of f?
1
Let t be 11*-3*(-2)/(-6). Let o(j) = j**3 + 12*j**2 - 9*j - 9. What is the hundreds digit of o(t)?
2
Suppose u = -u + 6. Suppose -5*f = -u*f - 4. Suppose 2*n + f*z = 36, 7*z - 4*z + 9 = 0. What is the units digit of n?
1
Suppose 23 = 2*f + 3. Let q = f - 6. Suppose q*z - 45 = 2*z + y, -5*z + 2*y = -114. What is the tens digit of z?
2
Suppose 0 = -4*r + 9 + 11. Let o = r - 19. Let h = o - -23. What is the units digit of h?
9
Suppose -2*b + 9 = a, -3*b + 0 = 6. Suppose k + 13 = 3*t - a, -t = 3*k + 8. Suppose -4*j + 16 = 2*p, -2*j - 3*p - 42 = -t*j. What is the units digit of j?
6
Suppose 4*y - 4 = -8. What is the hundreds digit of (-671)/(-22)*(-6)/y?
1
Let g = -2940 - -5496. What is the thousands digit of g?
2
Let n be 4*10/15*(-3)/(-4). Suppose -5*h + t - 2*t + 236 = 0, -2 = -n*t. What is the tens digit of h?
4
Let a(f) = f + 13. Let z = -1 + -5. What is the units digit of a(z)?
7
Let u(f) = -2*f**3 + 43*f**2 - 6*f - 158. What is the tens digit of u(17)?
4
Let a = 0 + 3. Suppose -5*c = -3*m - 3, 2*c - a = c. What is the tens digit of m/24 - (-233)/6?
3
Let x be 3*1*(-32)/(-12). Suppose 3*z - 14 = 5*y - 3*y, -3*z = 3*y - 9. Let m = y + x. What is the units digit of m?
7
Let p be 3 - (-4 - 19) - 1. Suppose -21*i = -p*i + 168. What is the tens digit of i?
4
Suppose z - 2*z = 2*u - 20, -4*u + 10 = z. Suppose -3*q - 6 = -p + 8, -5*q - z = 5*p. What is the tens digit of 35/7*(-18)/q?
1
Let o = -6 + 11. Suppose -k + o*k - 5*d - 1192 = 0, 0 = k + 4*d - 277. What is the hundreds digit of k?
2
Let u be (-6 - 4 - -4)*-82. What is the tens digit of u/24 - (-2)/4?
2
Let o(t) = 14*t - 3. Let x(h) = -5*h + 1. Let s(y) = 4*o(y) + 11*x(y). Let c be s(-5). Let l(b) = -b**3 - 4*b**2 + 7*b + 15. What is the units digit of l(c)?
5
Suppose 0 = -7*u + 4*u + 4*t + 194, -5*u + 2*t + 314 = 0. What is the tens digit of u?
6
Let t(i) = -i**3 + 9*i**2 + 10*i - 10. Let z be t(10). Let x be (z + 11)*(-19)/(-1). Let p = x + 2. What is the tens digit of p?
2
Let p be (2656/(-12))/((-6)/9). Suppose -p = -5*x - 2*c, -5*x = -2*x - 2*c - 196. What is the units digit of x?
6
Suppose -5*a = -2 + 52. Let u = a + 15. Suppose v + 3*c = 24, -2*v - u*c + 28 = -3*c. What is the units digit of v?
9
Let k(c) = 2*c + 17. Let x be k(-6). Suppose -w - 20 - 25 = -j, -x*j + 2*w + 219 = 0. What is the tens digit of j?
4
Let k(s) = -s**2 + 14*s + 17. Let a(z) = 2*z + 5. Let o be a(5). Let w be k(o). Suppose 2*m + 3 = -w*i + 3*m, -i + m - 4 = 0. What is the units digit of i?
1
Suppose -8*x - 146 = -6*x. Let k = -64 - x. What is the units digit of k?
9
Let c(p) = -p**3 + 9*p**2 - 7*p - 10. Let d be c(6). Suppose 0 = 2*q + 2*a - d, -4*q - 3*a - 44 = -5*q. What is the units digit of q?
2
Suppose -2*z - 4 = -2*d, 3*z - 3*d = -2*d + 2. Let h(i) = -i**3 + 4*i**2 - i + 4. Let b be h(3). Let v = b - z. What is the units digit of v?
8
Let j be 32/6 + (-11)/33. Suppose -j - 7 = -2*h. What is the units digit of h?
6
Suppose 4*s = -0 + 4. Let r be (0/s)/3 + 7. Suppose -r*n + 6*n + 28 = 0. What is the units digit of n?
8
Let u(y) = 4*y**2 + y - 2. Let w(x) = 13*x**2 + 3*x - 7. Let j = 18 - 11. Let n(m) = j*u(m) - 2*w(m). What is the tens digit of n(3)?
2
Let a be (3/1)/((-51)/238). What is the units digit of -4 + 15/3 - a?
5
Suppose -a + j = -520, 5*j + 10 = -10. What is the units digit of a?
6
Let a = -16 - -16. Let w be 0/(a + 4/4). Suppose 4*p - 50 = -2*r, -2*r + w*r + 52 = 5*p. What is the tens digit of r?
2
Let u(g) = g**2 + 21*g + 4. Let o be u(-21). Suppose 4*x + 3*w - 194 = 0, -o*x = 4*w - 3*w - 198. What is the units digit of x?
0
Let b = -21 - -28. Suppose b*w = w + 588. What is the units digit of w?
8
What is the units digit of 2618/56*(-7 - -15)?
4
Let r be (2/5)/(2/2660). Suppose -5*n + 9*n - r = 0. What is the units digit of n?
3
Let b = -112 - -135. Suppose -5*m = 5*r - 245, -5*m + 84 + b = 2*r. What is the units digit of r?
6
Suppose 0 = -3*u - 0*u + 4*y + 5900, -3*u - 5*y = -5882. What is the hundreds digit of u?
9
Let g be 2 - (2 + 0/(-2)). Suppose -8*p - 142 + 1190 = g. What is the hundreds digit of p?
1
What is the hundreds digit of (-386)/10*(-5 + -5)?
3
Let f be 2/(-8) + (39/(-4) - -3). Let m(u) = -u**2 - 5*u + 35. What is the units digit of m(f)?
1
Let q(h) be the second derivative of 0*h**2 - 5*h + 1/6*h**3 + 0. What is the units digit of q(5)?
5
Let c be ((0 - 1)*-13)/(-1). Let p = c + 19. What is the units digit of p?
6
What is the tens digit of (-1 - -139)*(-7)/(-14)?
6
Let u = -195 + 262. What is the units digit of u?
7
Suppose 0 = 4*p - 1422 - 13334. What is the thousands digit of p?
3
Let r = 58 + -122. Let g = 196 + r. What is the tens digit of g?
3
Let z(a) = 5*a**2 + 4*a - 3. What is the tens digit of z(-11)?
5
Let m(p) be the second derivative of p**5/20 - 5*p**4/4 - 5*p**3/2 + 19*p**2/2 - 12*p. What is the tens digit of m(16)?
3
Suppose 0 = -4*y + 5*x + 197, 2*y + x - 19 - 76 = 0. Let d = 53 - y. What is the units digit of d?
5
Suppose 9*w - 402 = 15*w. Let i = w + 116. What is the units digit of i?
9
Suppose -3*k - 3*m + 105 = 0, -2*k = -3*k - 4*m + 44. What is the tens digit of 250/8 - 8/k?
3
Let i = 2 + 78. Let o = 52 - i. Let p = o + 59. What is the tens digit of p?
3
Let l(k) = 5*k. Let v(m) = m**3 + m**2 + 6*m. Let b(w) = 4*l(w) - 3*v(w). What is the units digit of b(-5)?
0
Let m = -1456 - -2919. What is the tens digit of m?
6
Suppose 2*c - 2510 - 1110 = 0. What is the thousands digit of c?
1
Suppose 0 = 2*u - 2*t, -5*u = 5*t - 0*t. Suppose -4*w - 2*j + 38 = u, 0*j + 4*j = 20. What is the units digit of (0 + 0 + 1)*w?
7
Suppose 936 = 5*d + t, -2*d + 3*t = -237 - 134. What is the hundreds digit of d?
1
Suppose -4978 = -25*z + 7897. What is the units digit of z?
5
Let k = -2703 - -3253. What is the units digit of k?
0
Suppose -3*p - 4*k + 200 = 0, 3*p + 2*p - 312 = 4*k. Let o = 131 - p. What is the tens digit of o?
6
Let h be ((-56)/35)/(4/10). Let b be -9 + h + 1 + -1. Let o = -6 - b. What is the units digit of o?
7
Let o be 1/2*0/(-6). Suppose -4*k = 2*b - 426, o*k - 4*b = -3*k + 325. What is the units digit of k?
7
Suppose 4*u - 981 + 301 = 0. Suppose 0 = 3*q - u - 16. What is the units digit of q?
2
Let a = -125 - -179. Let l = 99 - a. What is the units digit of l?
5
Let p = 602 + -325. Let g = 461 - p. What is the units digit of g?
4
Let z(r) = 3*r**2 + 33*r + 25. Let m be z(-14). Suppose -a = -5*l - m, 3*a + 3*l = 2*l + 453. What is the units digit of a?
1
Let t(h) = 25*h**2 - 9*h + 64. What is the units digit of t(6)?
0
Let i(f) = -189*f - 72. What is the tens digit of i(-4)?
8
Suppose 4*q = -l - 777, q - 5*q - 3837 = 5*l. Let n be (-4)/(-10) - l/25. Let c = n + -4. What is the tens digit of c?
2
Suppose -5*l - 70 - 20 = 0. Let q be 9/12*-2*8. Let x = q - l. What is the units digit of x?
6
What is the hundreds digit of ((-1132)/(-2))/(-13 + 6 + 9)?
2
Suppose -4*d + 30 = 3*y - 82, 0 = -4*y - 5*d + 149. Let c = 185 - 185. Suppose 5*x - 15 = c, 2*j + 3*x = 15 + y. What is the tens digit of j?
2
Let r(s) = -2*s**3 + 3*s**2 + 5*s + 6. Let z(a) = -2*a**2 - 2*a. Let d be z(-2). What is the units digit of r(d)?
2
Let k(j) = -3*j**2 + 21*j + 3. Let z be k(7). Suppose -z*n = 4*n - 693. What is the units digit of n?
9
Suppose 6*t - 854 = 850. What is the tens digit of t?
8
Let j = -52 + 101. What is the tens digit of (j + 3 - -1)*1 - -3?
5
Suppose -l + 3*h + 240 = -5*l, -60 = l - 5*h. Let z = 90 + l. What is the units digit of z?
0
Suppose 5*f - 14 = -3*s - 4, 24 = 5*s + f. Suppose 4*j + 3*i = -j + 425, -5*j = s*i - 415. What is the units digit of j?
8
Let o be (-1 - (-767)/(-1))*(-2)/4. Suppose -33*u + o = -30*u. What is the hundreds digit of u?
1
Suppose 7570 - 90088 = -34*v. What is the hundreds digit of v?
4
Let m(c) = c**3 - 9*c**2 - 13*c + 18. Let o be m(10). What is the